mon factor of h and 29.
29
Let t(m) = -3*m**3 - 2*m**2 - 7*m + 4. Let b be t(-3). What is the greatest common factor of b and 11?
11
Suppose -5*j = -38 - 12. Let o(w) = w**2 + 5*w - 4. Let r be o(-8). What is the greatest common divisor of j and r?
10
Let t be (-33)/(-22)*(3 + -1). What is the highest common divisor of t and 21?
3
Let j be (336/196)/((-2)/(-42)). What is the highest common divisor of j and 126?
18
Suppose 3*v = -6, -3*v = -0*g - 4*g + 14. Let x(l) = -2*l - 5*l**2 - 6*l + 4*l**g. Let z be x(-4). What is the greatest common divisor of z and 128?
16
Suppose -20 = 5*r - 0. Let g be 1/r - (-15)/12. Let k = 47 + -37. What is the greatest common divisor of k and g?
1
Let u = 11 + 37. Let y(i) = -i**2 + 16*i + 12. Let z be y(6). What is the greatest common factor of z and u?
24
Let j be ((-36)/(-4))/3 - 1. What is the greatest common divisor of j and 10?
2
Suppose -5*j = -4*v - 318, 3*v - 43 - 32 = -j. What is the greatest common factor of j and 22?
22
Let h(o) = o**3 + 7*o**2 + 8*o + 4. Let f be h(-6). Let p be (-1183)/(-52) - (-6)/f. Let x be (18/8)/3*44. Calculate the greatest common divisor of x and p.
11
Suppose 5*x - 25 = 0, -x - 27 = -5*u + 13. What is the highest common factor of 81 and u?
9
Let a be 1 + 2 - (6 - 3 - 1). What is the greatest common divisor of 3 and a?
1
Let g = 6 + 6. Suppose i - g - 16 = 0. Let h(v) = v**3 + 2*v**2 - 18*v - 7. Let o be h(7). Calculate the highest common divisor of o and i.
28
Let f be 3/(2/(8/6)). Suppose -4*w + 128 + 2 = -5*n, f*w = 4*n + 62. Let a = 25 + w. Calculate the greatest common divisor of a and 12.
12
Let u(a) = 8*a**3 - 5*a**2 - 3 - 9*a**3 - 2*a - 3. Let g be ((-5)/(-4))/(2/(-8)). Let i be u(g). Calculate the highest common factor of 16 and i.
4
Let q = 71 - 46. Suppose -w - 4*w = -25. Calculate the greatest common divisor of q and w.
5
Suppose -4*f = 5*q + 10, 12 = -4*q - 4*f - 0. Suppose -9*c = -4*c - 3*p - 3, -c + 7 = p. Suppose -q*v - 7 = -c*v. What is the highest common factor of v and 14?
7
Suppose -5*f - 7*k + 150 = -2*k, -2*k = -4. What is the highest common divisor of f and 70?
14
Let z be 270/4 - (-33)/22. Calculate the greatest common factor of 23 and z.
23
Let q be 3 - (3 + 5 + -3). Let d be 1 - (q - -3)*-2. What is the greatest common divisor of d and 33?
3
Suppose -3*k + 51 = 4*l, -4*l + 69 = 4*k + 13. Calculate the highest common divisor of l and 27.
9
Let a be (-47)/(-2) - (-2)/4. Calculate the highest common factor of a and 8.
8
Let k(v) = -2*v + 5. Let h be k(4). Let r be 1 - -16 - 2 - h. What is the highest common divisor of 2 and r?
2
Let f be 1 + 3/3 - 1. What is the highest common factor of f and 1?
1
Let y(l) = 1 - l - 3*l - 1. Let t be y(-12). Calculate the highest common divisor of 12 and t.
12
Suppose -3*k = -4*b - 124, -3*k + 103 - 15 = 5*b. Let t(n) = -n**3 - 2*n**2 - 3*n - 6. Let q be t(-3). Calculate the greatest common divisor of k and q.
12
Let m(a) = -2*a**2 - 22*a - 8. Let h be m(-10). Calculate the highest common divisor of 54 and h.
6
Let k(s) = s**3 - 4*s**2 + s - 2. Let f be k(4). Suppose -4*v + 7 + 9 = 0, -2*l + 5*v = 0. What is the greatest common factor of f and l?
2
Let t(p) = p**2 + 6*p + 8. Let d be t(-5). Suppose z = -2*o + 24, d*o - 7*o = 5*z - 120. Calculate the highest common divisor of 16 and z.
8
Let g(f) = f**2 + 16*f - 31. Let d be g(-18). What is the greatest common divisor of 15 and d?
5
Suppose v + 0 + 1 = 0, -30 = -5*g + 5*v. Suppose d + 11 = r + 26, 0 = g*r - 2*d + 60. Let x be -76*(2 + r/4). What is the greatest common divisor of x and 19?
19
Suppose 9 = j - 0. Let g = 5 + j. Calculate the greatest common divisor of g and 140.
14
Let h(a) = a**3 - a + 1. Let d be h(2). Suppose 5*z = 188 + 32. Let s be 383/11 - (-8)/z. Calculate the greatest common divisor of s and d.
7
Suppose -5*n - s + 73 = 0, 3*s = 2*n - 18 - 1. Suppose -2*v = -367 + 59. What is the highest common divisor of n and v?
14
Let q be (2 - 0)*(-12 - -38). What is the highest common divisor of 13 and q?
13
Suppose -2*t + 198 = -36. What is the highest common divisor of t and 13?
13
Let i = 65 + -45. Suppose 0 = 4*v - 0*v - 500. Let n = v - 45. Calculate the highest common divisor of n and i.
20
Let j(v) = -v**3 - 10*v**2 + 8*v - 13. Let g be j(-11). Calculate the highest common divisor of g and 220.
20
Let m = -83 + 143. Calculate the greatest common factor of m and 45.
15
Suppose r + h + 4*h = -17, 0 = 2*r - h - 10. Suppose 4*j = -5*u + 2*j + 55, -5*j + 52 = r*u. Let g = 17 - u. What is the highest common divisor of 12 and g?
4
Suppose k + 18 = 4*k. Let q(h) = h**2 + 12*h + 35. Let p be q(-13). What is the greatest common divisor of k and p?
6
Let m be 1 + -1 + (-42)/(-2). Let l(t) = 4*t**2 - 5*t - 6. Let u be l(-6). What is the highest common factor of m and u?
21
Suppose 3*t = 13 - 4. Suppose m - 2*u + 0*u = -6, 0 = -t*m - 5*u + 26. What is the highest common divisor of 18 and m?
2
Let j(s) = 6*s - 44. Let t be j(10). Calculate the highest common factor of t and 12.
4
Suppose 3*j - 11 = 1. Suppose -2*h - 5*s = -h - 14, -j*h + 98 = -s. What is the greatest common divisor of h and 36?
12
Let j(g) = -g**2 + 15*g + 1. Let w be j(14). Calculate the highest common divisor of 5 and w.
5
Let b(p) = 3*p**2 + p + 1. Let a be b(-2). What is the greatest common divisor of 77 and a?
11
Let l = -103 - -139. Calculate the highest common factor of 9 and l.
9
Let m be 1450/30 + 2/(-6). Calculate the greatest common factor of m and 120.
24
Let d = 7 - 12. Let s(i) = -2*i - 4. Let j be s(d). Suppose q = -2 + 8. Calculate the highest common factor of q and j.
6
Let m = 4 - 1. Let w be -3 + 3 - -7*m. Suppose 9 + 5 = q. Calculate the greatest common factor of w and q.
7
Let g be 2/8 - (-300)/16. Let k = 33 - g. Suppose 0 = -4*f + 7 - 3, -2*f = -3*n + 40. What is the greatest common factor of n and k?
14
Suppose 0*f = -f + 32. Let t = -35 - -51. What is the highest common divisor of t and f?
16
Let z(d) = d + 1. Suppose 4*v - 13 - 3 = 0. Let u be z(v). Suppose 0*s - 120 = -3*s. What is the greatest common factor of u and s?
5
Suppose 4*u + 4 - 12 = 0. Suppose 0 = -2*t - j + 25, 5*j + 1 - 6 = u*t. Suppose 0 = -z - 4 + 9. Calculate the highest common divisor of z and t.
5
Suppose 2*t = 22 + 8. What is the highest common factor of t and 15?
15
Let x = 4 - 2. Let a = -7 + 12. Calculate the highest common factor of x and a.
1
Let j be 2 + 1 + 0 + 1. Let h be j/(-10) + 132/30. Suppose -4*a + 3*i = a - 29, 0 = -3*a - h*i. Calculate the highest common factor of 16 and a.
4
Let f be (-20)/(-1)*18/15. Suppose n = 3*n - 8. Suppose -4*u - n*t + 3*t = -26, 3*u - 8 = 5*t. What is the greatest common divisor of f and u?
6
Let n be ((-24)/2 + 2)*3/(-6). What is the highest common factor of 15 and n?
5
Let i = 4 - -2. Let p = i + 7. Calculate the greatest common divisor of p and 13.
13
Suppose -23 = -6*q + 91. Let y = -32 + 108. Calculate the highest common divisor of y and q.
19
Suppose -4*l + 22 = -2*z + 7*z, 0 = -4*l + 5*z + 42. Calculate the highest common factor of 88 and l.
8
Let a = 39 + -4. Let v = a - 17. Suppose 3*n = -0*n + v. What is the greatest common factor of n and 6?
6
Let a = -12 - -4. Let g(f) = -f**2 - 10*f - 2. Let u be g(a). Calculate the greatest common factor of 70 and u.
14
Let o be 4/(-14) + (-69)/(-21). Suppose -2*l = m - 11 - 49, 0 = o*m + 4*l - 176. Let t be ((-3)/9)/(1/(-24)). Calculate the greatest common factor of t and m.
8
Suppose 43 = t - 80. Suppose 3*f + t + 21 = 0. Let a = 104 + f. What is the highest common factor of a and 8?
8
Suppose d - 237 = 9. Let n be 2/7 - d/(-21). Let h be (-2)/6 + (-289)/(-3). Calculate the highest common divisor of n and h.
12
Let n(p) = 12*p**3 - 4*p**2 - 8*p + 5. Let w be n(5). Let g be ((-2)/(-6))/(7/w). What is the highest common divisor of 26 and g?
13
Suppose -4*v = -v. Let y = 3 - v. Suppose 24 = z - 2*j, -y*j + 88 = 3*z - 2. Calculate the greatest common divisor of z and 7.
7
Let k(o) = -o**2 - 23*o + 8. Let b be k(-16). What is the greatest common factor of 24 and b?
24
Let y = 112 + -80. What is the greatest common divisor of y and 16?
16
Let b(i) = 7*i - 10. Let u be b(7). Suppose 3*h + 9 + 13 = -2*k, h = -4*k - 54. Let w be (-2 + 3)*(-1 - k). What is the greatest common divisor of w and u?
13
Let p be (-5 + 0 - -4)*